 (base 8) to base 16
115
What is -2305 (base 14) in base 15?
-1c06
-94 (base 14) to base 6
-334
20124 (base 6) to base 5
41034
Convert -3154 (base 12) to base 8.
-12420
-191 (base 16) to base 11
-335
What is 1175 (base 10) in base 3?
1121112
-157631 (base 8) to base 2
-1101111110011001
What is 125340 (base 6) in base 3?
120212220
Convert 970 (base 16) to base 6.
15104
What is -1000001101 (base 2) in base 4?
-20031
-33561 (base 7) to base 11
-6446
Convert -20222000 (base 3) to base 2.
-1001111010100
Convert -144 (base 9) to base 12.
-a1
-2203 (base 6) to base 14
-283
-130 (base 8) to base 2
-1011000
What is -36a (base 13) in base 16?
-253
What is 101101 (base 2) in base 13?
36
Convert 432 (base 10) to base 14.
22c
-1085 (base 12) to base 5
-24304
What is -1062 (base 7) in base 4?
-12003
Convert -15167 (base 8) to base 5.
-204100
Convert 1301122 (base 4) to base 11.
54a9
Convert -11db (base 16) to base 5.
-121241
1120120 (base 3) to base 11
955
What is 114141 (base 5) in base 13?
1c56
Convert 444113 (base 5) to base 7.
63200
241a1 (base 12) to base 7
261556
Convert 11111101010 (base 2) to base 5.
31101
What is -14b (base 14) in base 3?
-100202
What is -2208 (base 13) in base 11?
-361a
Convert 4331 (base 7) to base 5.
22131
What is 215233 (base 8) in base 6?
1314535
1301240 (base 5) to base 7
133312
What is -1a565 (base 11) in base 8?
-67723
What is 10111 (base 8) in base 6?
31145
What is 1230 (base 10) in base 4?
103032
What is -131116 (base 7) in base 2?
-101111101011111
What is -21063 (base 7) in base 5?
-131230
-1742 (base 8) to base 4
-33202
What is 4031 (base 5) in base 8?
1004
What is -12232 (base 4) in base 6?
-1554
731 (base 14) to base 9
1842
What is 5300 (base 6) in base 4?
102210
-7790 (base 13) to base 6
-205115
Convert -57783 (base 9) to base 8.
-113226
Convert 132010 (base 4) to base 14.
9b6
What is 2387 (base 9) in base 7?
5122
Convert 230000 (base 4) to base 9.
3768
531232 (base 6) to base 7
236405
866 (base 13) to base 8
2634
What is -42179 (base 11) in base 2?
-1110111111111001
373 (base 8) to base 14
13d
1579 (base 14) to base 8
7367
What is -20002211 (base 3) in base 10?
-4450
What is -131133 (base 4) in base 15?
-85c
Convert 2369 (base 12) to base 14.
1637
1671 (base 8) to base 3
1022022
80 (base 13) to base 10
104
What is 111 (base 3) in base 7?
16
Convert -111111100011 (base 2) to base 4.
-333203
What is 86c1 (base 16) in base 15?
a34c
What is -a8b (base 16) in base 5?
-41244
What is -6a6 (base 15) in base 12?
-a56
What is 61734 (base 8) in base 9?
38054
Convert 121102 (base 3) to base 5.
3233
What is 1103 (base 6) in base 11?
212
What is 201010111 (base 3) in base 14?
5121
Convert 1242 (base 8) to base 6.
3042
234463 (base 7) to base 3
2011012111
Convert 406 (base 10) to base 4.
12112
Convert -11202021 (base 3) to base 9.
-4667
Convert 9565 (base 10) to base 16.
255d
-757 (base 11) to base 2
-1110001101
What is 28282 (base 9) in base 14?
6dca
Convert 1528 (base 11) to base 2.
11110101110
-2673 (base 10) to base 3
-10200000
2106 (base 8) to base 11
905
What is -15094 (base 10) in base 16?
-3af6
Convert -210111 (base 3) to base 10.
-580
6b7a (base 13) to base 12
891a
What is 111100 (base 3) in base 11?
2a8
-45131 (base 6) to base 9
-8601
Convert a1 (base 15) to base 9.
177
-5744 (base 8) to base 15
-d7e
-211321 (base 4) to base 2
-100101111001
101010111110 (base 2) to base 10
2750
Convert -11110 (base 2) to base 4.
-132
110010 (base 2) to base 10
50
Convert -3f7 (base 16) to base 3.
-1101121
Convert 110000011110001 (base 2) to base 11.
17711
-202303 (base 4) to base 16
-8b3
Convert 220210000 (base 3) to base 14.
6823
What is -442 (base 5) in base 15?
-82
What is -1383 (base 9) in base 2?
-10000010111
What is 38091 (base 12) in base 7?
434662
What is 101000020 (base 3) in base 13?
3423
What is 1081 (base 13) in base 7?
6466
-1b1 (base 15) to base 13
-241
What is -778b (base 16) in base 7?
-155136
1110001000111 (base 2) to base 12
4233
Convert -a34 (base 12) to base 9.
-2024
271 (base 15) to base 3
202121
Convert 937 (base 12) to base 14.
6b9
What is -101033 (base 5) in base 7?
-12346
What is -733 (base 9) in base 7?
-1512
-12657 (base 8) to base 5
-134201
Convert 833 (base 15) to base 13.
ac2
-174 (base 16) to base 5
-2442
Convert 1843 (base 10) to base 11.
1426
Convert 111220 (base 3) to base 12.
273
-45542 (base 6) to base 9
-8778
Convert -113037 (base 8) to base 9.
-57641
Convert -42c (base 13) to base 4.
-23022
-1297 (base 12) to base 3
-2220221
-1a3 (base 12) to base 4
-10023
Convert 20102011 (base 3) to base 6.
33351
-1aa7 (base 11) to base 16
-a62
1646 (base 12) to base 14
d70
93 (base 13) to base 4
1320
Convert -35113 (base 8) to base 15.
-464d
Convert 1202202 (base 3) to base 4.
110021
Convert d907 (base 15) to base 12.
22697
Convert -103e (base 15) to base 16.
-d6a
5536 (base 13) to base 11
8a16
Convert -803 (base 14) to base 5.
-22241
6e53 (base 16) to base 14
a415
Convert 1ecc (base 16) to base 3.
101211000
Convert 49558 (base 10) to base 3.
2111222111
What is 59b6 (base 12) in base 8?
23532
26312 (base 7) to base 14
27b2
Convert 5556 (base 12) to base 14.
3614
What is -627e (base 16) in base 12?
-12712
Convert 22244 (base 5) to base 15.
6ee
Convert 42303 (base 6) to base 8.
13137
Convert -52d5 (base 15) to base 2.
-100010001110101
What is 36aa (base 13) in base 3?
101121212
Convert 14220 (base 7) to base 9.
5286
Convert 39c (base 15) to base 7.
2253
Convert 41053 (base 8) to base 5.
1020224
11000110111 (base 2) to base 11
1217
Convert -533 (base 8) to base 2.
-101011011
-3a9 (base 16) to base 15
-427
What is -1824 (base 16) in base 9?
-8426
-60036 (base 8) to base 15
-7456
-c5 (base 14) to base 10
-173
Convert -70 (base 15) to base 2.
-1101001
-85a (base 12) to base 10
-1222
-2306 (base 7) to base 13
-4c7
What is -957 (base 12) in base 10?
-1363
What is 12312 (base 8) in base 11?
3aa9
-b02 (base 15) to base 13
-1187
5051 (base 6) to base 2
10001010111
40604 (base 8) to base 3
212000012
15a42 (base 12) to base 5
1441431
What is 1a81 (base 11) in base 9?
3542
893 (base 12) to base 5
20023
1a (base 11) to base 16
15
Convert 4453 (base 9) to base 15.
e93
331112 (base 5) to base 16
2c8f
Convert 3223413 (base 5) to base 4.
31121022
What is -203 (base 9) in base 6?
-433
-5198 (base 11) to base 13
-3196
Convert 21326 (base 7) to base 2.
1010011000000
What is -2236 (base 10) in base 2?
-100010111100
9030 (base 10) to base 11
686a
-64356 (base 7) to base 10
-15966
10103130 (base 4) to base 10
17628
Convert 4d (base 15) to base 3.
2201
-10642 (base 14) to base 12
-1ab42
Convert -1011100001 (base 2) to base 9.
-1008
What is -45ec (base 16) in base 15?
-5485
What is 661 (base 11) in base 6?
3401
What is -413201 (base 5) in base 7?
-54336
What is -1a10 (base 11) in base 5?
-40202
125 (base 14) to base 2
11100101
What is 106 (base 15) in base 10?
231
What is -10010111011 (base 2) in base 8?
-2273
Convert 48a9 (base 13) to base 8.
24047
77 (base 16) to base 15
7e
What is 18a98 (base 11) in base 4?
12133232
What is -32203311 (base 4) in base 11?
-40896
-2918 (base 10) to base 12
-1832
-507 (base 11) to base 12
-430
What is -1226 (base 8) in base 9?
-815
-442a (base 14) to base 13
-54a7
What is 23a5 (base 12) in base 2?
111110101101
What is e (base 15) in base 14?
10
-1021210001 (base 3) to base 16
-630a
What is -5020 (base 6) in base 2?
-10001000100
What is -1204d (base 14) in base 2?
-1010101111000101
-205a (base 12) to base 10
-3526
What is -34001 (base 5) in base 9?
-3230
1100010011101 (base 2) to base 4
1202131
-354 (base 10) to base 13
-213
What is 5b89 (base 14) in base 6?
202021
-20d (base 14) to base 11
-339
-110111001 (base 2) to base 9
-540
What is 152461 (base 7) in base 16?
7429
What is -646 (base 8) in base 2?
-110100110
2112220 (base 3) to base 4
131010
What is -3223 (base 8) in base 13?
-9c6
Convert 221210002 (base 3) to base 11.
13136
What is -24488 (base 10) in base 15?
-73c8
100200232 (base 4) to base 2
10000100000101110
Convert 174 (base 8) to base 4.
1330
Convert a86 (base 13) to base 2.
11100001000
79 (base 15) to base 11
a4
-2026 (base 8) to base 6
-4502
Convert 88 (base 9) to base 6.
212
Convert -1202201 (base 3) to base 5.
-20123
66a8 (base 11) to base 12
513a
What is bc2 (base 13) in base 11?
1574
4